{"id":69,"date":"2020-03-02T18:32:26","date_gmt":"2020-03-02T18:32:26","guid":{"rendered":"http:\/\/idpguate.com\/?page_id=69"},"modified":"2020-03-02T19:58:40","modified_gmt":"2020-03-02T19:58:40","slug":"comite-directivo","status":"publish","type":"page","link":"https:\/\/idpguate.com\/?page_id=69","title":{"rendered":"Comit\u00e9 Directivo"},"content":{"rendered":"\n<p>El Comit\u00e9 Directivo Nacional es el \u00f3rgano Administrativo y Financiero de la Iglesia de Dios de la Profec\u00eda Universal en Guatemala, C.A.<\/p>\n\n\n\n<p>Sirve de Concejo y apoyo al Supervisor Nacional de Guatemala; y sus atribuciones est\u00e1n adheridas en los Estatutos Legales.<\/p>\n\n\n\n<p>\u00bfC\u00d3MO LO INTEGRAN?<\/p>\n\n\n\n<p>Seg\u00fan los Estatutos Legales de la Iglesia en Guatemala el Comit\u00e9 Directivo est\u00e1 integrado por los siguientes y su funci\u00f3n es para dos a\u00f1os, siendo ratificado en cada Convenci\u00f3n Nacional:<\/p>\n\n\n\n<p>El Supervisor General de la Iglesia a nivel mundial. <br>El Supervisor Nacional de Guatemala, nombrado en la Asamblea Internacional.<br>El Vicepresidente, nombrado en la Convenci\u00f3n Nacional por el Supervisor Nacional de Turno.<br>El Secretario,  nombrado en la Convenci\u00f3n Nacional por el Supervisor Nacional de Turno.<br>El Tesorero,  nombrado en la Convenci\u00f3n Nacional por el Supervisor Nacional de Turno.<br>Vocales I, II, y III, son seleccionados por el Ministerio Pastoral en la Convenci\u00f3n Nacional.<\/p>\n\n\n\n<figure class=\"wp-block-image size-large\"><img loading=\"lazy\" decoding=\"async\" width=\"960\" height=\"720\" src=\"http:\/\/idpguate.com\/wp-content\/uploads\/2020\/03\/comite1.jpg\" alt=\"\" class=\"wp-image-70\" srcset=\"https:\/\/idpguate.com\/wp-content\/uploads\/2020\/03\/comite1.jpg 960w, https:\/\/idpguate.com\/wp-content\/uploads\/2020\/03\/comite1-300x225.jpg 300w, https:\/\/idpguate.com\/wp-content\/uploads\/2020\/03\/comite1-768x576.jpg 768w\" sizes=\"(max-width: 960px) 100vw, 960px\" \/><\/figure>\n\n\n\n<p>\u00bfQUIENES INTEGRAN EL COMIT\u00c9 DIRECTIVO?<\/p>\n\n\n\n<p>\n\nPresidente: Obispo Alcides Lorenzana<br>Vicepresidente: Ministro Joel Contreras<br>Secretario: Hno. Romilio Carpio<br>Tesorera: Hna. Yolanda Reyna<br>Vocal 1: Obispo Jos\u00e9 Miguel Ramos<br>Vocal 2: Ministro Cesar Leiva<br>Vocal 3: Obispo Hugo Osorio&nbsp;\n\n<\/p>\n","protected":false},"excerpt":{"rendered":"<p>El Comit\u00e9 Directivo Nacional es el \u00f3rgano Administrativo y Financiero de la Iglesia de Dios de la Profec\u00eda Universal en Guatemala, C.A. Sirve de Concejo y apoyo al Supervisor Nacional de Guatemala; y sus atribuciones est\u00e1n adheridas en los Estatutos Legales. \u00bfC\u00d3MO LO INTEGRAN? Seg\u00fan los Estatutos Legales de la Iglesia en Guatemala el Comit\u00e9 [&hellip;]<\/p>\n","protected":false},"author":2,"featured_media":0,"parent":34,"menu_order":0,"comment_status":"closed","ping_status":"closed","template":"","meta":{"footnotes":""},"jetpack_sharing_enabled":true,"_links":{"self":[{"href":"https:\/\/idpguate.com\/index.php?rest_route=\/wp\/v2\/pages\/69"}],"collection":[{"href":"https:\/\/idpguate.com\/index.php?rest_route=\/wp\/v2\/pages"}],"about":[{"href":"https:\/\/idpguate.com\/index.php?rest_route=\/wp\/v2\/types\/page"}],"author":[{"embeddable":true,"href":"https:\/\/idpguate.com\/index.php?rest_route=\/wp\/v2\/users\/2"}],"replies":[{"embeddable":true,"href":"https:\/\/idpguate.com\/index.php?rest_route=%2Fwp%2Fv2%2Fcomments&post=69"}],"version-history":[{"count":2,"href":"https:\/\/idpguate.com\/index.php?rest_route=\/wp\/v2\/pages\/69\/revisions"}],"predecessor-version":[{"id":81,"href":"https:\/\/idpguate.com\/index.php?rest_route=\/wp\/v2\/pages\/69\/revisions\/81"}],"up":[{"embeddable":true,"href":"https:\/\/idpguate.com\/index.php?rest_route=\/wp\/v2\/pages\/34"}],"wp:attachment":[{"href":"https:\/\/idpguate.com\/index.php?rest_route=%2Fwp%2Fv2%2Fmedia&parent=69"}],"curies":[{"name":"wp","href":"https:\/\/api.w.org\/{rel}","templated":true}]}}