{"id":124,"date":"2020-03-02T20:37:09","date_gmt":"2020-03-02T20:37:09","guid":{"rendered":"http:\/\/idpguate.com\/?page_id=124"},"modified":"2020-03-21T17:02:42","modified_gmt":"2020-03-21T17:02:42","slug":"literatura","status":"publish","type":"page","link":"https:\/\/idpguate.com\/?page_id=124","title":{"rendered":"Literatura"},"content":{"rendered":"<div data-colibri-id=\"124-c1\" class=\"style-823 style-local-124-c1 position-relative\">\n  <!---->\n  <div data-colibri-component=\"section\" data-colibri-id=\"124-c2\" id=\"custom\" class=\"h-section h-section-global-spacing d-flex align-items-lg-center align-items-md-center align-items-center style-824 style-local-124-c2 position-relative\">\n    <!---->\n    <!---->\n    <div class=\"h-section-grid-container h-section-boxed-container\">\n      <!---->\n      <div data-colibri-id=\"124-c3\" class=\"h-row-container gutters-row-lg-2 gutters-row-md-2 gutters-row-0 gutters-row-v-lg-2 gutters-row-v-md-2 gutters-row-v-2 style-825 style-local-124-c3 position-relative\">\n        <!---->\n        <div class=\"h-row justify-content-lg-center justify-content-md-center justify-content-center align-items-lg-stretch align-items-md-stretch align-items-stretch gutters-col-lg-2 gutters-col-md-2 gutters-col-0 gutters-col-v-lg-2 gutters-col-v-md-2 gutters-col-v-2\">\n          <!---->\n          <div class=\"h-column h-column-container d-flex h-col-lg-auto h-col-md-auto h-col-auto style-826-outer style-local-124-c4-outer\">\n            <div data-colibri-id=\"124-c4\" class=\"d-flex h-flex-basis h-column__inner h-px-lg-2 h-px-md-2 h-px-2 v-inner-lg-2 v-inner-md-2 v-inner-2 style-826 style-local-124-c4 position-relative\">\n              <!---->\n              <!---->\n              <div class=\"w-100 h-y-container h-column__content h-column__v-align flex-basis-100 align-self-lg-start align-self-md-start align-self-start\">\n                <!---->\n                <div data-colibri-id=\"124-c6\" class=\"h-text h-text-component style-828 style-local-124-c6 position-relative h-element\">\n                  <!---->\n                  <!---->\n                  <div class=\"\">\n                    <p>Descargue los formularios para el ordenamiento de Ministros y Obispos<\/p>\n                  <\/div>\n                <\/div>\n                <div data-colibri-id=\"124-c9\" class=\"h-x-container style-831 style-local-124-c9 position-relative h-element\">\n                  <!---->\n                  <div class=\"h-x-container-inner style-dynamic-124-c9-group style-831-spacing style-local-124-c9-spacing\"><span class=\"h-button__outer style-832-outer style-local-124-c10-outer d-inline-flex h-element\"><a h-use-smooth-scroll=\"true\" href=\"http:\/\/idpguate.com\/wp-content\/uploads\/2020\/03\/Formulario-para-Licencia.pdf\"  data-colibri-id=\"124-c10\" class=\"d-flex w-100 align-items-center h-button justify-content-lg-center justify-content-md-center justify-content-center style-832 style-local-124-c10 position-relative\"><!----><!----> <span>Formulario para la Licencia<\/span><\/a>\n                    <\/span><span class=\"h-button__outer style-833-outer style-local-124-c11-outer d-inline-flex h-element\"><a h-use-smooth-scroll=\"true\" href=\"http:\/\/idpguate.com\/wp-content\/uploads\/2020\/03\/Formulario-para-Licencia-1.pdf\"  data-colibri-id=\"124-c11\" class=\"d-flex w-100 align-items-center h-button justify-content-lg-center justify-content-md-center justify-content-center style-833 style-local-124-c11 position-relative\"><!----><!----> <span>Formulario para la solicitud de Licencia<\/span><\/a>\n                    <\/span>\n                  <\/div>\n                <\/div>\n              <\/div>\n            <\/div>\n          <\/div>\n          <div class=\"h-column h-column-container d-flex h-col-lg-auto h-col-md-auto h-col-auto style-827-outer style-local-124-c5-outer\">\n            <div data-colibri-id=\"124-c5\" class=\"d-flex h-flex-basis h-column__inner h-px-lg-2 h-px-md-2 h-px-2 v-inner-lg-2 v-inner-md-2 v-inner-2 style-827 style-local-124-c5 position-relative\">\n              <!---->\n              <!---->\n              <div class=\"w-100 h-y-container h-column__content h-column__v-align flex-basis-100 align-self-lg-start align-self-md-start align-self-start\">\n                <!---->\n                <div data-colibri-id=\"124-c25\" class=\"h-text h-text-component style-841 style-local-124-c25 position-relative h-element\">\n                  <!---->\n                  <!---->\n                  <div class=\"\">\n                    <p>Descargue el formulario para la Organizaci\u00f3n de una nueva Iglesia<\/p>\n                  <\/div>\n                <\/div>\n                <div data-colibri-id=\"124-c22\" class=\"h-x-container style-834 style-local-124-c22 position-relative h-element\">\n                  <!---->\n                  <div class=\"h-x-container-inner style-dynamic-124-c22-group style-834-spacing style-local-124-c22-spacing\"><span class=\"h-button__outer style-836-outer style-local-124-c24-outer d-inline-flex h-element\"><a h-use-smooth-scroll=\"true\" href=\"http:\/\/idpguate.com\/wp-content\/uploads\/2020\/03\/Nueva-Iglesia.pdf\"  data-colibri-id=\"124-c24\" class=\"d-flex w-100 align-items-center h-button justify-content-lg-center justify-content-md-center justify-content-center style-836 style-local-124-c24 position-relative\"><!----><!----> <span>ORGANIZACI\u00d3N DE NUEVA IGLESIA<\/span><\/a>\n                    <\/span><span class=\"h-button__outer style-835-outer style-local-124-c23-outer d-inline-flex h-element\"><a h-use-smooth-scroll=\"true\" href=\"http:\/\/idpguate.com\/wp-content\/uploads\/2020\/03\/Renovaci\u00f3n-de-Licencia-de-Ministro.pdf\"  data-colibri-id=\"124-c23\" class=\"d-flex w-100 align-items-center h-button justify-content-lg-center justify-content-md-center justify-content-center style-835 style-local-124-c23 position-relative\"><!----><!----> <span>Formulario para la renovaci\u00f3n de licencia de Ministro<\/span><\/a>\n                    <\/span>\n                  <\/div>\n                <\/div>\n              <\/div>\n            <\/div>\n          <\/div>\n        <\/div>\n      <\/div>\n      <div data-colibri-id=\"124-c7\" class=\"h-row-container gutters-row-lg-2 gutters-row-md-2 gutters-row-0 gutters-row-v-lg-2 gutters-row-v-md-2 gutters-row-v-2 style-829 style-local-124-c7 position-relative\">\n        <!---->\n        <div class=\"h-row justify-content-lg-center justify-content-md-center justify-content-center align-items-lg-stretch align-items-md-stretch align-items-stretch gutters-col-lg-2 gutters-col-md-2 gutters-col-0 gutters-col-v-lg-2 gutters-col-v-md-2 gutters-col-v-2\">\n          <!---->\n          <div class=\"h-column h-column-container d-flex h-col-lg-auto h-col-md-auto h-col-auto style-830-outer style-local-124-c8-outer\">\n            <div data-colibri-id=\"124-c8\" class=\"d-flex h-flex-basis h-column__inner h-ui-empty-state-container h-px-lg-2 h-px-md-2 h-px-2 v-inner-lg-2 v-inner-md-2 v-inner-2 style-830 style-local-124-c8 position-relative\">\n              <!---->\n              <!---->\n              <div class=\"w-100 h-y-container h-column__content h-column__v-align flex-basis-100\">\n                <!---->\n              <\/div>\n            <\/div>\n          <\/div>\n        <\/div>\n      <\/div>\n    <\/div>\n  <\/div>\n<\/div>","protected":false},"excerpt":{"rendered":"<p>Descargue los formularios para el ordenamiento de Ministros y Obispos Formulario para la Licencia Formulario para la solicitud de Licencia Descargue el formulario para la Organizaci\u00f3n de una nueva Iglesia ORGANIZACI\u00d3N DE NUEVA IGLESIA Formulario para la renovaci\u00f3n de licencia de Ministro<\/p>\n","protected":false},"author":2,"featured_media":0,"parent":82,"menu_order":2,"comment_status":"closed","ping_status":"closed","template":"page-templates\/full-width-page.php","meta":{"footnotes":""},"jetpack_sharing_enabled":true,"_links":{"self":[{"href":"https:\/\/idpguate.com\/index.php?rest_route=\/wp\/v2\/pages\/124"}],"collection":[{"href":"https:\/\/idpguate.com\/index.php?rest_route=\/wp\/v2\/pages"}],"about":[{"href":"https:\/\/idpguate.com\/index.php?rest_route=\/wp\/v2\/types\/page"}],"author":[{"embeddable":true,"href":"https:\/\/idpguate.com\/index.php?rest_route=\/wp\/v2\/users\/2"}],"replies":[{"embeddable":true,"href":"https:\/\/idpguate.com\/index.php?rest_route=%2Fwp%2Fv2%2Fcomments&post=124"}],"version-history":[{"count":2,"href":"https:\/\/idpguate.com\/index.php?rest_route=\/wp\/v2\/pages\/124\/revisions"}],"predecessor-version":[{"id":639,"href":"https:\/\/idpguate.com\/index.php?rest_route=\/wp\/v2\/pages\/124\/revisions\/639"}],"up":[{"embeddable":true,"href":"https:\/\/idpguate.com\/index.php?rest_route=\/wp\/v2\/pages\/82"}],"wp:attachment":[{"href":"https:\/\/idpguate.com\/index.php?rest_route=%2Fwp%2Fv2%2Fmedia&parent=124"}],"curies":[{"name":"wp","href":"https:\/\/api.w.org\/{rel}","templated":true}]}}